{"id":50,"date":"2019-01-17T17:16:35","date_gmt":"2019-01-17T16:16:35","guid":{"rendered":"http:\/\/fondationanber.fr\/index.php\/one-page-express\/"},"modified":"2020-11-10T13:57:50","modified_gmt":"2020-11-10T12:57:50","slug":"one-page-express","status":"publish","type":"page","link":"https:\/\/fondationanber.fr\/","title":{"rendered":"Accueil"},"content":{"rendered":"<div id=\"missions\" style=\"background-color: #ffffff;\" data-label=\"Missions\" data-id=\"stripped-coloured-icon-boxes\" data-category=\"overlapable\" class=\"features-coloured-icon-boxes-section\" data-overlap=\"true\">\r\n<div class=\"\">\r\n<div class=\"features-coloured-icon-boxes-innerrow flexbox-list dark-text\" data-type=\"row\">\r\n<div class=\"features-coloured-icon-boxes-featurecol cp3cols\">\r\n<div class=\"features-coloured-icon-boxes-iconcontainer\" data-content-item-container=\"true\"><i class=\"features-coloured-icon fa fa-heart\" data-cp-fa=\"true\"><\/i><\/div>\r\n<h4 class=\"\">Mission<\/h4>\r\nLa Fondation familiale AnBer s\u2019est donn\u00e9e pour mission de soutenir des actions caritatives au service des plus fragiles.\r\nUne approche humaniste et passionn\u00e9e, ax\u00e9e sur l\u2019<em class=\"\">Accueil<\/em>, la <em class=\"\">Dignit\u00e9<\/em> et la <em class=\"\">Confiance en l\u2019Homme<\/em>.\r\nAudacieux ensemble pour faire grandir l\u2019humain, la famille et la soci\u00e9t\u00e9.\r\n\r\n<\/div>\r\n<div class=\"features-coloured-icon-boxes-featurecol cp3cols\">\r\n<div class=\"features-coloured-icon-boxes-iconcontainer\" data-content-item-container=\"true\"><i class=\"features-coloured-icon fa fa-cloud\" data-cp-fa=\"true\"><\/i><\/div>\r\n<h4 class=\"\">Reconnue d\u2019Utilit\u00e9 Publique,\u00a0 Abritante<\/h4>\r\n<p class=\"\">EDUCATION \u2013 SANTE \u2013 TRAVAIL<\/p>\r\nLa Fondation AnBer soutient des projets associatifs\r\nen France, plus particuli\u00e8rement dans les Hauts de France et dans 80 pays.\r\n\r\n<\/div>\r\n<\/div>\r\n<\/div>\r\n<\/div>\r\n<div id=\"about-1\" style=\"background-color: #f6f6f6;\" data-label=\"About\" data-id=\"about-big-images-section\" data-category=\"about\" class=\"about-big-images-section\">\r\n<div class=\"\">\r\n<div class=\"about-big-images-textrow\">\r\n<div class=\"about-big-images-textcol dynamic-color\" data-type=\"column\">\r\n<h3 class=\"\">Aider les associations\r\nen France et dans le Monde<\/h3>\r\n<p class=\"\">Par son engagement, par le dialogue et la mise en r\u00e9seau,\r\nla Fondation aide les associations\r\n\u00e0 franchir un cap et transformer notre monde.<\/p>\r\n3 axes pour faire reculer la pauvret\u00e9 :\r\n\r\nEDUCATION :\r\n\r\nLutter contre l\u2019ignorance, permettre \u00e0 tous l\u2019acc\u00e8s \u00e0 l\u2019\u00e9ducation,\r\nconcilier le savoir, le faire, le savoir \u00eatre et l\u2019ouverture aux autres.\r\n\r\nSANTE :\r\n\r\nAider \u00e0 une meilleure qualit\u00e9 des soins,\r\nam\u00e9liorer les conditions de vie des personnes fragiles.\r\n\r\nTRAVAIL :\r\n\r\nFavoriser l\u2019insertion professionnelle et l\u2019entreprenariat social.\r\n\r\n<img loading=\"lazy\" src=\"http:\/\/fondationanber.fr\/wp-content\/uploads\/2019\/03\/P_20180316_121744-300x169.jpg\" alt=\"\" class=\"alignnone size-medium wp-image-135 aligncenter\" srcset=\"http:\/\/fondationanber.fr\/wp-content\/uploads\/2019\/03\/P_20180316_121744-300x169.jpg 300w, http:\/\/fondationanber.fr\/wp-content\/uploads\/2019\/03\/P_20180316_121744-768x432.jpg 768w, http:\/\/fondationanber.fr\/wp-content\/uploads\/2019\/03\/P_20180316_121744-1024x576.jpg 1024w\" sizes=\"(max-width: 300px) 100vw, 300px\" width=\"300\" height=\"169\" \/> <img loading=\"lazy\" src=\"http:\/\/fondationanber.fr\/wp-content\/uploads\/2019\/03\/P_20180514_154430-300x169.jpg\" alt=\"\" class=\"alignnone size-medium wp-image-136 aligncenter\" srcset=\"http:\/\/fondationanber.fr\/wp-content\/uploads\/2019\/03\/P_20180514_154430-300x169.jpg 300w, http:\/\/fondationanber.fr\/wp-content\/uploads\/2019\/03\/P_20180514_154430-768x432.jpg 768w, http:\/\/fondationanber.fr\/wp-content\/uploads\/2019\/03\/P_20180514_154430-1024x576.jpg 1024w\" sizes=\"(max-width: 300px) 100vw, 300px\" width=\"300\" height=\"169\" \/> <img loading=\"lazy\" src=\"http:\/\/fondationanber.fr\/wp-content\/uploads\/2019\/03\/20171128_1_103902-300x225.jpg\" alt=\"\" class=\"alignnone size-medium wp-image-138 aligncenter\" srcset=\"http:\/\/fondationanber.fr\/wp-content\/uploads\/2019\/03\/20171128_1_103902-300x225.jpg 300w, http:\/\/fondationanber.fr\/wp-content\/uploads\/2019\/03\/20171128_1_103902-768x576.jpg 768w, http:\/\/fondationanber.fr\/wp-content\/uploads\/2019\/03\/20171128_1_103902-1024x768.jpg 1024w, http:\/\/fondationanber.fr\/wp-content\/uploads\/2019\/03\/20171128_1_103902-1440x1080.jpg 1440w\" sizes=\"(max-width: 300px) 100vw, 300px\" width=\"300\" height=\"225\" \/> <img loading=\"lazy\" src=\"http:\/\/fondationanber.fr\/wp-content\/uploads\/2019\/03\/24-300x225.jpg\" alt=\"\" class=\"alignnone size-medium wp-image-139 aligncenter\" srcset=\"http:\/\/fondationanber.fr\/wp-content\/uploads\/2019\/03\/24-300x225.jpg 300w, http:\/\/fondationanber.fr\/wp-content\/uploads\/2019\/03\/24-768x576.jpg 768w, http:\/\/fondationanber.fr\/wp-content\/uploads\/2019\/03\/24-1024x768.jpg 1024w, http:\/\/fondationanber.fr\/wp-content\/uploads\/2019\/03\/24-1440x1080.jpg 1440w\" sizes=\"(max-width: 300px) 100vw, 300px\" width=\"300\" height=\"225\" \/>\r\n\r\n<\/div>\r\n<\/div>\r\n<\/div>\r\n<div class=\"about-big-images-bottomrow\">\r\n<div class=\"about-big-images-rightimgcol\"><\/div>\r\n<\/div>\r\n<\/div>\r\n<div id=\"content-3\" style=\"background-color: #ffffff;\" data-label=\"Content\" data-id=\"content-image-left\" data-category=\"content\" class=\"content-left-image-section\">\r\n<div class=\"gridContainer\">\r\n<div class=\"row\">\r\n<div class=\"content-left-image-textcol dynamic-color\" data-type=\"column\">\r\n<h2 class=\"\" style=\"text-align: center;\">Aider les donateurs\r\n\u00e9couter, accompagner<\/h2>\r\n<p class=\"large_text\" style=\"text-align: center;\">La Fondation AnBer accompagne les donateurs et\r\nles familles dans leur engagement philanthropique.\r\nElle abrite des fondations, majoritairement cr\u00e9\u00e9es par des familles,\r\nengag\u00e9es pour donner de l\u2019Esp\u00e9rance.<\/p>\r\n\r\n<h2 class=\"\" style=\"text-align: center;\">Aider \u00e0 partager la joie du don.<\/h2>\r\n<p class=\"\" style=\"text-align: center;\">La Fondation AnBer re\u00e7oit dons, donations temporaires d\u2019usufruit, legs de France et de l\u2019\u00e9tranger.\r\nElle \u00e9met des re\u00e7us fiscaux (IRPP, IFI, IS).\r\nLa Fondation respecte les souhaits des donateurs.\r\nTous les dons re\u00e7us sont int\u00e9gralement revers\u00e9s aux Associations soutenues.<\/p>\r\n\r\n<\/div>\r\n<\/div>\r\n<\/div>\r\n<\/div>\r\n<div id=\"webseries\" style=\"background-color: #ffffff;\" data-label=\"Webseries\" data-id=\"portfolio-full-section\" data-category=\"portfolio\">\r\n<div class=\"portfolio-full-section\" data-type=\"row\">\r\n<div class=\"portfolio-full-projectco cp4cols cp4cols-tablet\">\r\n<div class=\"contentswap-effect ContentSwap103\" hover-fx=\"ContentSwap103\" id=\"ContentSwap103\">\r\n<div class=\"ContentSwap103_content initial-image\"><img class=\"portfolio-full-projectimg\" data-size=\"1200x800\" src=\"http:\/\/fondationanber.fr\/wp-content\/uploads\/2019\/01\/cropped-valdocco-1.jpg\" \/><\/div>\r\n<div class=\"overlay\" style=\"display: block; opacity: 1;\"><\/div>\r\n<div class=\"swap-inner\" style=\"opacity: 1; display: block;\">\r\n<div class=\"ContentSwap103-center\">\r\n<h4 class=\"protfolio-full-itemtitle\">Le Valdocco.<\/h4>\r\n<a class=\"button yellow\" href=\"https:\/\/www.youtube.com\/watch?v=8Uq_5h4zxwA&amp;t=64s\" rel=\"noopener\">EDUCATION<\/a>\r\n\r\n<\/div>\r\n<\/div>\r\n<\/div>\r\n<\/div>\r\n<div class=\"portfolio-full-projectco cp4cols cp4cols-tablet\">\r\n<div class=\"contentswap-effect ContentSwap103\" hover-fx=\"ContentSwap103\" id=\"ContentSwap103\" is-hovered=\"1\">\r\n<div class=\"ContentSwap103_content initial-image\"><img class=\"portfolio-full-projectimg\" data-size=\"1200x800\" src=\"http:\/\/fondationanber.fr\/wp-content\/uploads\/2019\/01\/cropped-down-up.jpg\" \/><\/div>\r\n<div class=\"overlay\" style=\"display: block; opacity: 1;\"><\/div>\r\n<div class=\"swap-inner\" style=\"opacity: 1; display: block;\">\r\n<div class=\"ContentSwap103-center\">\r\n<h4 class=\"protfolio-full-itemtitle\">Down Up \u00e0 Arras<\/h4>\r\n<a class=\"button yellow\" href=\"http:\/\/fondationanber.fr?v=WGKHkv9ZYRI#https:\/\/www.youtube.com\/watch?v=WGKHkv9ZYRI\" rel=\"noopener\" target=\"_self\">Sant\u00e9<\/a>\r\n\r\n<\/div>\r\n<\/div>\r\n<\/div>\r\n<\/div>\r\n<div class=\"portfolio-full-projectco cp4cols cp4cols-tablet\">\r\n<div class=\"contentswap-effect ContentSwap103\" hover-fx=\"ContentSwap103\" id=\"ContentSwap103\" is-hovered=\"1\">\r\n<div class=\"ContentSwap103_content initial-image\"><img class=\"portfolio-full-projectimg\" data-size=\"1200x800\" src=\"http:\/\/fondationanber.fr\/wp-content\/uploads\/2019\/01\/cropped-PETITES-CANTINES.jpg\" \/><\/div>\r\n<div class=\"overlay\" style=\"display: block; opacity: 1;\"><\/div>\r\n<div class=\"swap-inner\" style=\"opacity: 1; display: block;\">\r\n<div class=\"ContentSwap103-center\">\r\n<h4 class=\"protfolio-full-itemtitle\">LES PETITES CANTINES<\/h4>\r\n<a class=\"button yellow\" href=\"http:\/\/fondationanber.fr?v=MNdhOhSbvGs#https:\/\/www.youtube.com\/watch?v=MNdhOhSbvGs\" rel=\"noopener\" target=\"_self\">LIEN SOCIAL<\/a>\r\n\r\n<\/div>\r\n<\/div>\r\n<\/div>\r\n<\/div>\r\n<\/div>\r\n<\/div>\r\n<div id=\"fondateurs\" style=\"background-color: #f6f6f6;\" data-label=\"Fondateurs\" data-id=\"content-image-right\" data-category=\"content\" class=\"content-right-image-section\">\r\n<div class=\"gridContainer\">\r\n<div class=\"content-right-image-gridcol\">\r\n<div class=\"content-right-image-textcol dynamic-color\" data-type=\"column\">\r\n<h2 class=\"\" style=\"text-align: center;\">Les fondateurs: Bernadette et Andr\u00e9 Leclercq et leurs enfants.<\/h2>\r\n<p class=\"large_text\" style=\"text-align: center;\">\u00ab\u00a0Bernadette et Andr\u00e9 Leclercq figurent une ind\u00e9fectible union pour les solidarit\u00e9s, un rep\u00e8re humaniste dans le paysage \u00e9conomique de la m\u00e9tropole et un mod\u00e8le pour leur fondation \u00e0 objet unique : soutenir les associations qui s\u2019engagent en faveur des publics fragilis\u00e9s \u00e0 Lille, dans le Nord, dans le monde\u00a0\u00bb (source Voix du Nord)<\/p>\r\n<p style=\"text-align: center;\" class=\"\"><img class=\"custom-image\" src=\"http:\/\/fondationanber.fr\/wp-content\/uploads\/2019\/03\/andre-et-bernadette.jpg\" \/><\/p>\r\n<p class=\"\" style=\"text-align: center;\"><span style=\"font-family: 'Source Sans Pro', sans-serif; font-size: 19.98px;\">Le Conseil d\u2019Administration\u00a0:<\/span><\/p>\r\n<p style=\"text-align: center;\" class=\"\">Constitu\u00e9 de trois membres fondateurs et de six personnalit\u00e9s qualifi\u00e9es, le Conseil d\u2019Administration de la Fondation AnBer se r\u00e9unit quatre fois par an, en pr\u00e9sence du Pr\u00e9fet \u00e0 l\u2019Egalit\u00e9 des Chances.<\/p>\r\n\r\n<\/div>\r\n<\/div>\r\n<\/div>\r\n<\/div>\r\n<div id=\"equipe\" style=\"background-color: #ffffff;\" data-label=\"Equipe\" data-id=\"team-colors-section\" data-category=\"team\" class=\"team-colors-section\">\r\n<div class=\"gridContainer\">\r\n<div class=\"team-colors-textcol dynamic-color\">\r\n<h2><\/h2>\r\n<\/div>\r\n<div class=\"team-colors-membersrow dark-text\" data-type=\"row\">\r\n\r\n&nbsp;\r\n\r\n<\/div>\r\n<\/div>\r\n<\/div>","protected":false},"excerpt":{"rendered":"<p>Mission La Fondation familiale AnBer s\u2019est donn\u00e9e pour mission de soutenir des actions caritatives au service des plus fragiles. Une approche humaniste et passionn\u00e9e, ax\u00e9e sur l\u2019Accueil, la Dignit\u00e9 et la Confiance en l\u2019Homme. Audacieux ensemble pour faire grandir l\u2019humain, la famille et la soci\u00e9t\u00e9. Reconnue d\u2019Utilit\u00e9 Publique,\u00a0 Abritante EDUCATION \u2013 SANTE \u2013 TRAVAIL La&hellip; <br \/> <a class=\"button small blue\" href=\"https:\/\/fondationanber.fr\/\">Lire la suite<\/a><\/p>\n","protected":false},"author":1,"featured_media":0,"parent":0,"menu_order":0,"comment_status":"closed","ping_status":"closed","template":"","meta":[],"_links":{"self":[{"href":"https:\/\/fondationanber.fr\/index.php\/wp-json\/wp\/v2\/pages\/50"}],"collection":[{"href":"https:\/\/fondationanber.fr\/index.php\/wp-json\/wp\/v2\/pages"}],"about":[{"href":"https:\/\/fondationanber.fr\/index.php\/wp-json\/wp\/v2\/types\/page"}],"author":[{"embeddable":true,"href":"https:\/\/fondationanber.fr\/index.php\/wp-json\/wp\/v2\/users\/1"}],"replies":[{"embeddable":true,"href":"https:\/\/fondationanber.fr\/index.php\/wp-json\/wp\/v2\/comments?post=50"}],"version-history":[{"count":38,"href":"https:\/\/fondationanber.fr\/index.php\/wp-json\/wp\/v2\/pages\/50\/revisions"}],"predecessor-version":[{"id":178,"href":"https:\/\/fondationanber.fr\/index.php\/wp-json\/wp\/v2\/pages\/50\/revisions\/178"}],"wp:attachment":[{"href":"https:\/\/fondationanber.fr\/index.php\/wp-json\/wp\/v2\/media?parent=50"}],"curies":[{"name":"wp","href":"https:\/\/api.w.org\/{rel}","templated":true}]}}

<div id="missions" style="background-color: #ffffff;" data-label="Missions" data-id="stripped-coloured-icon-boxes" data-category="overlapable" class="features-coloured-icon-boxes-section" data-overlap="true">
<div class="">
<div class="features-coloured-icon-boxes-innerrow flexbox-list dark-text" data-type="row">
<div class="features-coloured-icon-boxes-featurecol cp3cols">
<div class="features-coloured-icon-boxes-iconcontainer" data-content-item-container="true"><i class="features-coloured-icon fa fa-heart" data-cp-fa="true"></i></div>
<h4 class="">Mission</h4>
La Fondation familiale AnBer s’est donnée pour mission de soutenir des actions caritatives au service des plus fragiles.
Une approche humaniste et passionnée, axée sur l’<em class="">Accueil</em>, la <em class="">Dignité</em> et la <em class="">Confiance en l’Homme</em>.
Audacieux ensemble pour faire grandir l’humain, la famille et la société.

</div>
<div class="features-coloured-icon-boxes-featurecol cp3cols">
<div class="features-coloured-icon-boxes-iconcontainer" data-content-item-container="true"><i class="features-coloured-icon fa fa-cloud" data-cp-fa="true"></i></div>
<h4 class="">Reconnue d’Utilité Publique,  Abritante</h4>
<p class="">EDUCATION – SANTE – TRAVAIL</p>
La Fondation AnBer soutient des projets associatifs
en France, plus particulièrement dans les Hauts de France et dans 80 pays.

</div>
</div>
</div>
</div>
<div id="about-1" style="background-color: #f6f6f6;" data-label="About" data-id="about-big-images-section" data-category="about" class="about-big-images-section">
<div class="">
<div class="about-big-images-textrow">
<div class="about-big-images-textcol dynamic-color" data-type="column">
<h3 class="">Aider les associations
en France et dans le Monde</h3>
<p class="">Par son engagement, par le dialogue et la mise en réseau,
la Fondation aide les associations
à franchir un cap et transformer notre monde.</p>
3 axes pour faire reculer la pauvreté :

EDUCATION :

Lutter contre l’ignorance, permettre à tous l’accès à l’éducation,
concilier le savoir, le faire, le savoir être et l’ouverture aux autres.

SANTE :

Aider à une meilleure qualité des soins,
améliorer les conditions de vie des personnes fragiles.

TRAVAIL :

Favoriser l’insertion professionnelle et l’entreprenariat social.

<img loading="lazy" src="http://fondationanber.fr/wp-content/uploads/2019/03/P_20180316_121744-300x169.jpg" alt="" class="alignnone size-medium wp-image-135 aligncenter" srcset="http://fondationanber.fr/wp-content/uploads/2019/03/P_20180316_121744-300x169.jpg 300w, http://fondationanber.fr/wp-content/uploads/2019/03/P_20180316_121744-768x432.jpg 768w, http://fondationanber.fr/wp-content/uploads/2019/03/P_20180316_121744-1024x576.jpg 1024w" sizes="(max-width: 300px) 100vw, 300px" width="300" height="169" /> <img loading="lazy" src="http://fondationanber.fr/wp-content/uploads/2019/03/P_20180514_154430-300x169.jpg" alt="" class="alignnone size-medium wp-image-136 aligncenter" srcset="http://fondationanber.fr/wp-content/uploads/2019/03/P_20180514_154430-300x169.jpg 300w, http://fondationanber.fr/wp-content/uploads/2019/03/P_20180514_154430-768x432.jpg 768w, http://fondationanber.fr/wp-content/uploads/2019/03/P_20180514_154430-1024x576.jpg 1024w" sizes="(max-width: 300px) 100vw, 300px" width="300" height="169" /> <img loading="lazy" src="http://fondationanber.fr/wp-content/uploads/2019/03/20171128_1_103902-300x225.jpg" alt="" class="alignnone size-medium wp-image-138 aligncenter" srcset="http://fondationanber.fr/wp-content/uploads/2019/03/20171128_1_103902-300x225.jpg 300w, http://fondationanber.fr/wp-content/uploads/2019/03/20171128_1_103902-768x576.jpg 768w, http://fondationanber.fr/wp-content/uploads/2019/03/20171128_1_103902-1024x768.jpg 1024w, http://fondationanber.fr/wp-content/uploads/2019/03/20171128_1_103902-1440x1080.jpg 1440w" sizes="(max-width: 300px) 100vw, 300px" width="300" height="225" /> <img loading="lazy" src="http://fondationanber.fr/wp-content/uploads/2019/03/24-300x225.jpg" alt="" class="alignnone size-medium wp-image-139 aligncenter" srcset="http://fondationanber.fr/wp-content/uploads/2019/03/24-300x225.jpg 300w, http://fondationanber.fr/wp-content/uploads/2019/03/24-768x576.jpg 768w, http://fondationanber.fr/wp-content/uploads/2019/03/24-1024x768.jpg 1024w, http://fondationanber.fr/wp-content/uploads/2019/03/24-1440x1080.jpg 1440w" sizes="(max-width: 300px) 100vw, 300px" width="300" height="225" />

</div>
</div>
</div>
<div class="about-big-images-bottomrow">
<div class="about-big-images-rightimgcol"></div>
</div>
</div>
<div id="content-3" style="background-color: #ffffff;" data-label="Content" data-id="content-image-left" data-category="content" class="content-left-image-section">
<div class="gridContainer">
<div class="row">
<div class="content-left-image-textcol dynamic-color" data-type="column">
<h2 class="" style="text-align: center;">Aider les donateurs
écouter, accompagner</h2>
<p class="large_text" style="text-align: center;">La Fondation AnBer accompagne les donateurs et
les familles dans leur engagement philanthropique.
Elle abrite des fondations, majoritairement créées par des familles,
engagées pour donner de l’Espérance.</p>

<h2 class="" style="text-align: center;">Aider à partager la joie du don.</h2>
<p class="" style="text-align: center;">La Fondation AnBer reçoit dons, donations temporaires d’usufruit, legs de France et de l’étranger.
Elle émet des reçus fiscaux (IRPP, IFI, IS).
La Fondation respecte les souhaits des donateurs.
Tous les dons reçus sont intégralement reversés aux Associations soutenues.</p>

</div>
</div>
</div>
</div>
<div id="webseries" style="background-color: #ffffff;" data-label="Webseries" data-id="portfolio-full-section" data-category="portfolio">
<div class="portfolio-full-section" data-type="row">
<div class="portfolio-full-projectco cp4cols cp4cols-tablet">
<div class="contentswap-effect ContentSwap103" hover-fx="ContentSwap103" id="ContentSwap103">
<div class="ContentSwap103_content initial-image"><img class="portfolio-full-projectimg" data-size="1200x800" src="http://fondationanber.fr/wp-content/uploads/2019/01/cropped-valdocco-1.jpg" /></div>
<div class="overlay" style="display: block; opacity: 1;"></div>
<div class="swap-inner" style="opacity: 1; display: block;">
<div class="ContentSwap103-center">
<h4 class="protfolio-full-itemtitle">Le Valdocco.</h4>
<a class="button yellow" href="https://www.youtube.com/watch?v=8Uq_5h4zxwA&amp;t=64s" rel="noopener">EDUCATION</a>

</div>
</div>
</div>
</div>
<div class="portfolio-full-projectco cp4cols cp4cols-tablet">
<div class="contentswap-effect ContentSwap103" hover-fx="ContentSwap103" id="ContentSwap103" is-hovered="1">
<div class="ContentSwap103_content initial-image"><img class="portfolio-full-projectimg" data-size="1200x800" src="http://fondationanber.fr/wp-content/uploads/2019/01/cropped-down-up.jpg" /></div>
<div class="overlay" style="display: block; opacity: 1;"></div>
<div class="swap-inner" style="opacity: 1; display: block;">
<div class="ContentSwap103-center">
<h4 class="protfolio-full-itemtitle">Down Up à Arras</h4>
<a class="button yellow" href="http://fondationanber.fr?v=WGKHkv9ZYRI#https://www.youtube.com/watch?v=WGKHkv9ZYRI" rel="noopener" target="_self">Santé</a>

</div>
</div>
</div>
</div>
<div class="portfolio-full-projectco cp4cols cp4cols-tablet">
<div class="contentswap-effect ContentSwap103" hover-fx="ContentSwap103" id="ContentSwap103" is-hovered="1">
<div class="ContentSwap103_content initial-image"><img class="portfolio-full-projectimg" data-size="1200x800" src="http://fondationanber.fr/wp-content/uploads/2019/01/cropped-PETITES-CANTINES.jpg" /></div>
<div class="overlay" style="display: block; opacity: 1;"></div>
<div class="swap-inner" style="opacity: 1; display: block;">
<div class="ContentSwap103-center">
<h4 class="protfolio-full-itemtitle">LES PETITES CANTINES</h4>
<a class="button yellow" href="http://fondationanber.fr?v=MNdhOhSbvGs#https://www.youtube.com/watch?v=MNdhOhSbvGs" rel="noopener" target="_self">LIEN SOCIAL</a>

</div>
</div>
</div>
</div>
</div>
</div>
<div id="fondateurs" style="background-color: #f6f6f6;" data-label="Fondateurs" data-id="content-image-right" data-category="content" class="content-right-image-section">
<div class="gridContainer">
<div class="content-right-image-gridcol">
<div class="content-right-image-textcol dynamic-color" data-type="column">
<h2 class="" style="text-align: center;">Les fondateurs: Bernadette et André Leclercq et leurs enfants.</h2>
<p class="large_text" style="text-align: center;">« Bernadette et André Leclercq figurent une indéfectible union pour les solidarités, un repère humaniste dans le paysage économique de la métropole et un modèle pour leur fondation à objet unique : soutenir les associations qui s’engagent en faveur des publics fragilisés à Lille, dans le Nord, dans le monde » (source Voix du Nord)</p>
<p style="text-align: center;" class=""><img class="custom-image" src="http://fondationanber.fr/wp-content/uploads/2019/03/andre-et-bernadette.jpg" /></p>
<p class="" style="text-align: center;"><span style="font-family: 'Source Sans Pro', sans-serif; font-size: 19.98px;">Le Conseil d’Administration :</span></p>
<p style="text-align: center;" class="">Constitué de trois membres fondateurs et de six personnalités qualifiées, le Conseil d’Administration de la Fondation AnBer se réunit quatre fois par an, en présence du Préfet à l’Egalité des Chances.</p>

</div>
</div>
</div>
</div>
<div id="equipe" style="background-color: #ffffff;" data-label="Equipe" data-id="team-colors-section" data-category="team" class="team-colors-section">
<div class="gridContainer">
<div class="team-colors-textcol dynamic-color">
<h2></h2>
</div>
<div class="team-colors-membersrow dark-text" data-type="row">

&nbsp;

</div>
</div>
</div>

<p>Mission La Fondation familiale AnBer s’est donnée pour mission de soutenir des actions caritatives au service des plus fragiles. Une approche humaniste et passionnée, axée sur l’Accueil, la Dignité et la Confiance en l’Homme. Audacieux ensemble pour faire grandir l’humain, la famille et la société. Reconnue d’Utilité Publique,  Abritante EDUCATION – SANTE – TRAVAIL La&hellip; <br /> <a class="button small blue" href="https://fondationanber.fr/">Lire la suite</a></p>
