{"id":2,"date":"2018-12-07T15:44:22","date_gmt":"2018-12-07T14:44:22","guid":{"rendered":"http:\/\/fondationanber.fr\/?page_id=2"},"modified":"2020-02-10T20:17:50","modified_gmt":"2020-02-10T19:17:50","slug":"page-d-exemple","status":"publish","type":"page","link":"https:\/\/fondationanber.fr\/index.php\/page-d-exemple\/","title":{"rendered":"Projets"},"content":{"rendered":"<p>&nbsp;<\/p>\n<p><strong>Les webs\u00e9ries du Souffle du Nord pour inciter \u00e0 l&rsquo;engagement pour une soci\u00e9t\u00e9 plus solidaire.<\/strong><\/p>\n<p><strong>D\u00e9couvrez quelques projets soutenus !\u00a0<\/strong><\/p>\n<p>&nbsp;<\/p>\n<p style=\"text-align: left;\"><strong>Une \u00e9picerie solidaire La Pioche \u00e0 Haubourdin<\/strong><\/p>\n<p><iframe loading=\"lazy\" width=\"1778\" height=\"1000\" src=\"https:\/\/www.youtube.com\/embed\/_T-rdaf0XxY?feature=oembed\" frameborder=\"0\" allow=\"accelerometer; autoplay; encrypted-media; gyroscope; picture-in-picture\" allowfullscreen><\/iframe><\/p>\n<p style=\"text-align: left;\">\n<p>&nbsp;<\/p>\n<p><strong>Situ\u00e9 \u00e0 Lomme (59), <em>La Vie devant soi<\/em> est un lieu imagin\u00e9 pour les adultes c\u00e9r\u00e9brol\u00e9s\u00e9s, suite \u00e0 un traumatisme cr\u00e2nien ou accidents de sant\u00e9, afin de r\u00e9pondre \u00e0 leurs besoins m\u00e9dico-sociaux non pris en charge et de les accompagner dans un v\u00e9ritable projet de vie.<\/strong> Gr\u00e2ce au personnel m\u00e9dical et \u00e0 la forte implication de b\u00e9n\u00e9voles, l\u2019association tente ainsi de permettre \u00e0 ces personnes en situation de handicap de retrouver confiance en elle et d\u2019optimiser leur autonomie.<\/p>\n<p><iframe loading=\"lazy\" width=\"1778\" height=\"1000\" src=\"https:\/\/www.youtube.com\/embed\/DuJEfuZ-ixc?feature=oembed\" frameborder=\"0\" allow=\"accelerometer; autoplay; encrypted-media; gyroscope; picture-in-picture\" allowfullscreen><\/iframe><\/p>\n<p>&nbsp;<\/p>\n<p><em>ABEJ Solidarit\u00e9<\/em> agit pour permettre aux personnes les plus exclues de retrouver leur place au sein de notre soci\u00e9t\u00e9. Elle m\u00e8ne de nombreuses actions, maraudes, centres d\u2019accueil de jour et de nuit, centres de sant\u00e9 agr\u00e9\u00e9, centres d\u2019h\u00e9bergement, service d\u2019accompagnement au logement, ateliers d\u2019insertion, structures de soins et m\u00e9dico-sociales, etc&#8230;). Et, une Ressourcerie \u00e0 Lille : un atelier chantier d\u2019insertion qui lutte contre l\u2019exclusion \u00e0 travers la revalorisation d\u2019objets.<\/p>\n<p><iframe loading=\"lazy\" width=\"1778\" height=\"1000\" src=\"https:\/\/www.youtube.com\/embed\/YImSNXwlWao?feature=oembed\" frameborder=\"0\" allow=\"accelerometer; autoplay; encrypted-media; gyroscope; picture-in-picture\" allowfullscreen><\/iframe><\/p>\n<p><em>C\u0153ur \u00e0 C\u0153ur<\/em> (Villeneuve d\u2019Ascq) s\u2019appuie sur une m\u00e9thode th\u00e9rapeutique ancienne et reconnue pour accompagner des personnes en difficult\u00e9 physique ou psychique de tous \u00e2ges. A travers la rencontre avec le cheval, elle ouvre la voie d\u2019un mieux-\u00eatre, en apportant \u00e9quilibre et apaisement. Une initiative positive pleine de douceur et source de bonheur\u2026<\/p>\n<p><iframe loading=\"lazy\" width=\"1778\" height=\"1000\" src=\"https:\/\/www.youtube.com\/embed\/jUpkjdIBc7E?feature=oembed\" frameborder=\"0\" allow=\"accelerometer; autoplay; encrypted-media; gyroscope; picture-in-picture\" allowfullscreen><\/iframe><\/p>\n<p>Comment se relever quand on est entrepreneur et que l\u2019on a connu l\u2019\u00e9chec ? Laiss\u00e9 sur le carreau et sans aides, il faut faire face \u00e0 un traumatisme professionnel, financier et bien souvent par voie de cons\u00e9quence personnel. L\u2019association <em>60 000 Rebonds<\/em> aide les entrepreneurs \u00e0 reprendre pied !<\/p>\n<p><iframe loading=\"lazy\" width=\"1778\" height=\"1000\" src=\"https:\/\/www.youtube.com\/embed\/VqfRIbM5V_U?feature=oembed\" frameborder=\"0\" allow=\"accelerometer; autoplay; encrypted-media; gyroscope; picture-in-picture\" allowfullscreen><\/iframe><\/p>\n","protected":false},"excerpt":{"rendered":"<p>&nbsp; Les webs\u00e9ries du Souffle du Nord pour inciter \u00e0 l&rsquo;engagement pour une soci\u00e9t\u00e9 plus solidaire. D\u00e9couvrez quelques projets soutenus !\u00a0 &nbsp; Une \u00e9picerie solidaire La Pioche \u00e0 Haubourdin &nbsp; Situ\u00e9 \u00e0 Lomme (59), La Vie devant soi est un lieu imagin\u00e9 pour les adultes c\u00e9r\u00e9brol\u00e9s\u00e9s, suite \u00e0 un traumatisme cr\u00e2nien ou accidents de sant\u00e9,&hellip; <br \/> <a class=\"button small blue\" href=\"https:\/\/fondationanber.fr\/index.php\/page-d-exemple\/\">Lire la suite<\/a><\/p>\n","protected":false},"author":1,"featured_media":0,"parent":0,"menu_order":0,"comment_status":"closed","ping_status":"open","template":"","meta":[],"_links":{"self":[{"href":"https:\/\/fondationanber.fr\/index.php\/wp-json\/wp\/v2\/pages\/2"}],"collection":[{"href":"https:\/\/fondationanber.fr\/index.php\/wp-json\/wp\/v2\/pages"}],"about":[{"href":"https:\/\/fondationanber.fr\/index.php\/wp-json\/wp\/v2\/types\/page"}],"author":[{"embeddable":true,"href":"https:\/\/fondationanber.fr\/index.php\/wp-json\/wp\/v2\/users\/1"}],"replies":[{"embeddable":true,"href":"https:\/\/fondationanber.fr\/index.php\/wp-json\/wp\/v2\/comments?post=2"}],"version-history":[{"count":8,"href":"https:\/\/fondationanber.fr\/index.php\/wp-json\/wp\/v2\/pages\/2\/revisions"}],"predecessor-version":[{"id":174,"href":"https:\/\/fondationanber.fr\/index.php\/wp-json\/wp\/v2\/pages\/2\/revisions\/174"}],"wp:attachment":[{"href":"https:\/\/fondationanber.fr\/index.php\/wp-json\/wp\/v2\/media?parent=2"}],"curies":[{"name":"wp","href":"https:\/\/api.w.org\/{rel}","templated":true}]}}